(-95) + 22/5. What is the highest common factor of z and h?
4
Let j be 18*((-165)/(-24) + (-51)/136). What is the highest common divisor of 81 and j?
9
Suppose -2*j - q = -85, -j + 10 = -q - 40. Let a be 60/(-2)*18/j. Let h = -4 - a. Calculate the greatest common factor of h and 12.
4
Let n(j) = -j**2 + 9*j - 7. Let f be n(5). Let t(s) = -s**3 + 12*s**2 + 12*s + 28. Let g be t(f). What is the greatest common factor of g and 10?
5
Suppose 87*o - 86*o - 78 = 0. What is the highest common divisor of 546 and o?
78
Let r(o) be the third derivative of 1/60*o**5 + 11/24*o**4 + 0 + 5/3*o**3 - 3*o**2 + 0*o. Let k be r(-11). Calculate the greatest common factor of 30 and k.
10
Let w(d) = -d**2 - 2*d + 3. Let v be w(-3). Suppose v = 5*q + 6 - 231. Let j(h) = h**2 + 3*h + 5. Let k be j(-4). What is the highest common divisor of k and q?
9
Let n be 2*(-4 - 72/(-20))*-70. What is the greatest common divisor of n and 868?
28
Suppose -3*l + 2948 = 212. Suppose -2*j + 14 = -4*g, 2*g = 4*j - 16 - 0. Suppose -j*h + l = 3*h. Calculate the greatest common divisor of 38 and h.
38
Let z be (7 - 10)/3*-8 - 5. What is the highest common factor of z and 267?
3
Let t(g) = -g**2 - 5*g + 3. Let d be t(-5). Suppose -d - 2 = -5*s. Suppose l - 8 = -s. Calculate the highest common factor of 49 and l.
7
Suppose -2*f - 4*z - 82 = 54, -5*z + 40 = -f. Let x be ((-12)/(-10))/((-24)/f). Calculate the greatest common divisor of 6 and x.
3
Suppose t + 3*f - 100 = 7*f, 5*f - 525 = -5*t. Let h be (3/2)/(-3)*-52. Calculate the highest common divisor of t and h.
26
Let f be 7/(-21)*(7 - 1). Let w be ((-60)/(-80))/(f/(-24)). Calculate the highest common divisor of w and 15.
3
Let k = 364 + -21. Calculate the highest common divisor of k and 49.
49
Let v be 1*9*5*3. Suppose -3*q - 3 = -0, -46 = -3*j + q. What is the greatest common factor of j and v?
15
Suppose -3*h - 25 = 3*w - 10, 5*h - 29 = 4*w. Let b(u) = u + 7. Let a be b(w). Let v be 4*(a - (-12)/(-16)). Calculate the highest common divisor of 7 and v.
1
Let o be 96 + -4 + 3 - 2. Let w = o + -54. What is the highest common divisor of w and 26?
13
Let y be 1*3/(3 + -2). Suppose -y*u + 48 = 3*u. What is the highest common factor of 2 and u?
2
Let h be (-1)/(-2*1/18). Let l = 10 - h. Suppose 3*v - 46 = -l. What is the highest common divisor of v and 15?
15
Suppose -15*y + 44 = -11*y. Suppose -y*q + 75 = -8*q. Calculate the highest common factor of q and 75.
25
Suppose 4*r = -4, 8*r - 4*r = 2*v - 42. Suppose m + 152 = 3*m. Suppose -3*h + 4*h - m = 0. Calculate the highest common factor of h and v.
19
Suppose -4*f + 57 = -z, f + 73 = 6*f - 3*z. Let t be 4 + -1 + f/(-14). Suppose 0 = t*y - 13 - 37. Calculate the highest common factor of y and 5.
5
Let g = 2085 + -2077. What is the highest common factor of g and 1016?
8
Let x(n) = 3*n + 9. Let z be x(-5). Let r be 12/16*z*-2. Calculate the greatest common factor of r and 81.
9
Let g be 97/6 + (-2)/12. Suppose 3*u + 0*u = -m + 11, 4*u + 3*m = 13. What is the highest common factor of u and g?
4
Let a be (3300/(-385))/((-2)/21). What is the greatest common factor of 126 and a?
18
Let y = -1030 + 1797. What is the greatest common factor of y and 118?
59
Let k be 207/6 + 14/28. What is the greatest common factor of k and 126?
7
Let g = 847 - 599. What is the highest common divisor of g and 155?
31
Suppose -y - 2*l + 25 + 65 = 0, y + 5*l - 99 = 0. Suppose -w + 5 = 3. Suppose 3*r - 44 = -w*c, 7 = 3*c - 5. What is the greatest common factor of y and r?
12
Suppose 0 = 2*h + h - 9, 3*a - 243 = -4*h. Let f = 6525 - 6518. Calculate the highest common divisor of a and f.
7
Let i(g) = g**2 + g + 2. Let o be -2 - (-2)/(4 - 6). Let u be i(o). Let x be (-45)/(1/(u/(-12))). What is the greatest common divisor of 75 and x?
15
Let p be ((-12)/(-4) - -8) + -2. Let a(l) = -2*l + 27. Let d be a(p). What is the highest common factor of 1 and d?
1
Suppose -140 = -17*u + 370. What is the greatest common divisor of u and 1305?
15
Suppose 134 = 4*r + 3*v - v, 0 = 2*v - 6. Let q = 4 + r. Let h = q + -25. Calculate the highest common divisor of 44 and h.
11
Let d(f) be the first derivative of -f**4/4 - 16*f**3/3 - 31*f**2/2 - 9*f + 8. Let s be d(-14). Calculate the highest common divisor of 3 and s.
3
Suppose 0 = -4*x + u + 104, 23*x - 26*x - 2*u + 78 = 0. Let h = 43 + 9. What is the greatest common factor of x and h?
26
Let j = -26 - -35. Suppose 0 = -3*a + j, 5*a - 1 - 3 = q. Calculate the greatest common factor of q and 143.
11
Suppose -2*j = -5*j - 9. Let q be (-3)/((9/4)/j). Suppose q*s + 9 = 17. Calculate the greatest common factor of 3 and s.
1
Suppose 0 = -30*y + 137 + 2203. What is the greatest common divisor of 222 and y?
6
Let t be 13/4*(1182/6 + 3). What is the greatest common factor of t and 150?
50
Let t(i) = i**2 + 14*i - 13. Let s(f) = -5*f**2 - 56*f + 53. Let h(m) = 2*s(m) + 9*t(m). Let g be h(11). What is the highest common divisor of g and 33?
11
Suppose -1990 = -29*d - 99 + 1067. Let q be 1/(-1 + 18/17). What is the greatest common factor of q and d?
17
Let o be (-523)/(-5) - 2/(-5). Suppose 28 = -y + o. What is the highest common factor of 11 and y?
11
Suppose 0 = -3*x + 3, 8 = u - 6*x + 7*x. Calculate the greatest common factor of u and 7.
7
Let n(o) = o**3 + 5*o**2 + o. Let h be n(-4). Let p be ((9 - 15) + 12)*9. What is the greatest common factor of h and p?
6
Suppose 12 = 2*b + 20. Let k be 5/(5/b) + 41. Suppose -4*r = -u + 275, -3*r - r = 4*u - 1020. Calculate the highest common factor of k and u.
37
Let f = 1393 - 1331. Calculate the greatest common factor of f and 558.
62
Suppose 1 = 2*p - 7. Let g(t) = 2*t. Let k be g(p). Let n(h) = -44*h. Let a be n(-2). What is the greatest common factor of a and k?
8
Suppose -4*w - 4*a = -0*w - 100, w - 2*a = 22. Suppose -51 = -2*m - 3. What is the highest common factor of w and m?
24
Let k(y) = y**2 + y + 40. Let g be k(0). Suppose 2*h = -3*x - g, 33 + 3 = -3*x - 3*h. Let w be 108/5 - x/40. What is the greatest common divisor of w and 2?
2
Let l(v) = 22*v - 52. Let m be l(10). Calculate the greatest common factor of m and 28.
28
Let x(y) = 10*y - 6. Let q(v) = 19*v - 12. Let i(w) = -4*q(w) + 7*x(w). Let k be i(-6). What is the greatest common divisor of 28 and k?
14
Let s = 417 + -81. Calculate the greatest common factor of s and 21.
21
Suppose 136 - 29 = 2*v + 5*y, 4*v = 4*y + 172. Calculate the greatest common divisor of v and 414.
46
Let i be -12*(1 + 2 - 99/27). Let d be 1*8*(2 - 0). What is the highest common factor of i and d?
8
Suppose -10*s + 0*s = 0. Suppose 4*d = -s + 16. What is the highest common divisor of d and 1?
1
Suppose 2*z + 7*z = 0. Suppose t + 4*t - 418 = y, -3*t + 4*y + 244 = z. Calculate the highest common divisor of 12 and t.
12
Suppose 0*v = -2*v + 4*b + 12, -v + 21 = b. What is the greatest common factor of 16 and v?
16
Let h be (-1)/(-3*3/963). Let o = 151 - h. Suppose -o = x - 5*x. What is the highest common factor of 33 and x?
11
Let l = -49 - -32. Let d = l - -32. What is the highest common factor of 105 and d?
15
Suppose -5*o = 1224 - 1284. Calculate the greatest common divisor of o and 534.
6
Let x(g) = -3*g - 25. Let h be x(-9). Let f be ((-4)/3)/(h/29)*-15. What is the greatest common factor of 10 and f?
10
Suppose 0 = -4*g + 307 + 33. Suppose g = -4*z + 345. Suppose 1023*n - 1018*n - 130 = 0. What is the greatest common divisor of n and z?
13
Let v be (-3)/3 + 0 - 42/(-14). Suppose 15 = 2*o + 3*o. Suppose 6 = o*t - 0. Calculate the highest common factor of t and v.
2
Let p(f) = f + 18. Let q be p(-18). Suppose 30 = v - o + 4*o, -5*o = q. What is the greatest common divisor of v and 10?
10
Let x be 1/3 + (-70)/(-6). Let y be 2/((-1)/1) + x. Suppose 2*u + y + 14 = 2*r, u + 27 = 2*r. Calculate the highest common divisor of 3 and r.
3
Let c = 10 + -12. Let a be (42/(-5))/(27/15 + c). Let v = 78 - 50. Calculate the greatest common divisor of a and v.
14
Suppose -f + 6*f = 4*r - 151, -5*f - r = 131. Let c be 11/11 - f/1. Calculate the highest common factor of 28 and c.
28
Let b(n) = -n - 5. Let a be b(-7). Suppose -u = a*u. Suppose -o = -5 - u. Calculate the highest common factor of 15 and o.
5
Let y be (-4)/6*(-9)/(-6) - -26. Calculate the highest common divisor of y and 10.
5
Let p be (6/3 - 0)*21/14. Suppose p*j - 196 